uppose -5*h - 3062 = 2*f - 11591, -15 = 3*h. What are the prime factors of f?
7, 13, 47
Let k(t) = -t**2 - 23*t - 95. Let z be k(-7). Suppose z*p = 54*p - 32116. What are the prime factors of p?
2, 7, 31
Let u(m) = -5*m**2 - 87*m + 52. Let a be u(-22). Let d = a + 972. List the prime factors of d.
2, 7, 37
Suppose 5*u - 1073 - 192 = 5*l, 2*u - 5*l = 512. Suppose 2*r + 3*m = -r + 762, r = 2*m + u. What are the prime factors of r?
11, 23
Let b(n) = -n**3 + 16*n**2 - 35*n - 18. Let i be b(10). Suppose 0*q - 52 = -2*q. Suppose i = 2*j - q. List the prime factors of j.
3, 43
Let v(n) = -34 - 19 - 122*n + 27*n - 27. What are the prime factors of v(-3)?
5, 41
Suppose i = 2*t - 188, 0*i = 4*t + 2*i - 376. Suppose -2*h + a = 159, -5*h - 7*a - 390 = -2*a. Let d = h + t. List the prime factors of d.
3, 5
Let o(q) = 10*q**3 - 2*q**2 + 11*q + 23715. What are the prime factors of o(0)?
3, 5, 17, 31
Let v(p) = 7505*p**3 - 42*p**2 + 41*p + 1. List the prime factors of v(1).
5, 19, 79
Suppose -3*i + 15 = 0, 2*n - 130*i - 44413 = -127*i. What are the prime factors of n?
2, 29, 383
Let x(w) = -w**3 - 12 + 33*w - 21 + 2 - 40*w**2 - 117 + 6. List the prime factors of x(-41).
2, 3, 31
Let q(r) be the second derivative of 53*r**6/360 - r**5/120 + 2*r**3 - 10*r. Let n(g) be the second derivative of q(g). List the prime factors of n(1).
2, 13
Suppose -13*c = -q - 10*c + 1226, -1211 = -q - 2*c. Suppose 0 = -20*b + 1583 + q. What are the prime factors of b?
2, 5, 7
Let p = -520 - -539. Suppose p*x - 14*x - 3*d = 402, 2 = 2*d. What are the prime factors of x?
3
Let x be (-41)/328 + 2/((-16)/(-2041)). Let d = x + 0. What are the prime factors of d?
3, 5, 17
Let q(m) = -52*m + 70. Let w be q(-6). Suppose -t = 2*z - w, -4*z + z = 2*t - 767. What are the prime factors of t?
2, 97
Let w(c) = 7*c**3 + 17*c**2 + 28*c + 22. Let r(v) = -5*v**3 - 15*v**2 - 28*v - 23. Let p(g) = 3*r(g) + 2*w(g). What are the prime factors of p(-14)?
5, 191
Let t(p) be the third derivative of -5/2*p**3 - 1/3*p**4 - 14*p**2 - 1/120*p**6 + 0*p + 0 + 1/5*p**5. List the prime factors of t(10).
3, 5, 7
Let c(l) = 52*l - 44*l - 122 - 48*l - 57*l. List the prime factors of c(-8).
2, 3, 109
Suppose 2*i + 11*i = -221. Let w = 23 + i. Let s(f) = -f**3 + 12*f**2 - 12*f + 13. What are the prime factors of s(w)?
157
Suppose 0 = -4*u + 2*b + 103676, 5*u - 129610 = -19*b + 14*b. List the prime factors of u.
2, 3, 5
Let r = 8485 + -4026. List the prime factors of r.
7, 13
Let j(o) = 26*o**2 + 6*o + 14. Let c be j(5). Let i = c - 211. What are the prime factors of i?
3, 7, 23
Suppose 548 = 4*g + 4*q, 1078 = 5*g - 5*q + 353. Suppose 14*n - g - 783 = 0. What are the prime factors of n?
2, 3, 11
Let g(f) = 28*f**3 + 203*f**2 + 8*f - 17. What are the prime factors of g(5)?
2, 3, 1433
Let a(c) = 2*c**2 - 7*c - 21. Let o = 297 + -272. List the prime factors of a(o).
2, 17, 31
Let y(l) = -662*l**2 - 12*l + 673*l**2 + l**3 - l + 3. Let m be ((-1)/(-2))/((-3)/72). What are the prime factors of y(m)?
3, 5
What are the prime factors of ((-544)/(-104))/((-92)/(-727766))?
2, 17, 1217
Let c = 5943 - -7249. List the prime factors of c.
2, 17, 97
Let h = -16004 + 15882. Suppose -3*z + 607 = -2*n, 6*z = 4*z + 3*n + 413. Let i = h + z. What are the prime factors of i?
7, 11
Let n be (9/(-2))/(3/(-2)). Let u(o) = 6*o**2 - 4*o + 6. Let f be u(n). Let a = 34 + f. List the prime factors of a.
2, 41
Let s(i) = 65*i**3 - 3*i**2 + 11*i - 26. Let a(c) = -326*c**3 + 16*c**2 - 56*c + 130. Let r(v) = 3*a(v) + 16*s(v). What are the prime factors of r(3)?
2, 11, 19
Suppose -5497 = -5*c + 2873. Let g = c + -1048. What are the prime factors of g?
2, 313
Let g(n) = n + 1. Let f be g(3). Suppose 4*m - 16 = -4*y, f*y + 0*m = -5*m + 20. Suppose -8*h + 14 + 482 = y. What are the prime factors of h?
2, 31
Let n be (2 + 10/(-6))/((-4)/(-24)). Suppose t = n*l + 93, 0 = -2*t + 6*t - 3*l - 372. List the prime factors of t.
3, 31
Let b(q) = -2*q**3 + q**2 - 3*q. Let x be b(0). Suppose -609 = -y - 3*r + 189, x = -4*y - 3*r + 3147. What are the prime factors of y?
3, 29
Let r be 1*((-6)/21 + 12/42). Suppose r = 4*a - v - 1812, 4*a = 9*a + 3*v - 2265. Suppose 2*p = -p + a. List the prime factors of p.
151
Suppose -117*u - 85600 = -121*u + 4*n, 2*n = -4*u + 85564. List the prime factors of u.
2, 19, 563
Let l = 247 + -169. What are the prime factors of (-3640)/l*(-42)/4?
2, 5, 7
Let x(j) = -j**3 - j**2 + j + 137. Let c be x(0). Suppose 452 + 394 = -18*z. Let g = c + z. What are the prime factors of g?
2, 3, 5
Let p(k) = 289*k + 4. Let v be p(8). Suppose -v = -4*r - 288. List the prime factors of r.
3, 13
Suppose -5*h = -69 + 19. Suppose h*m - 12*m = -14. List the prime factors of 7730/70 - 3/m.
2, 5, 11
Let j(r) = 14*r - 67*r - 108*r + 25*r - 42. What are the prime factors of j(-4)?
2, 251
Suppose 15*o = 803 - 8. Suppose 655 = -52*b + o*b. What are the prime factors of b?
5, 131
Suppose -19*u + 470 = -9*u. Suppose u*i + 1518 = 53*i. List the prime factors of i.
11, 23
Let p(m) = -49*m + 67. Let r be p(-39). Suppose -12*q + 8*q + 1948 = 3*c, 2*q + r = 3*c. List the prime factors of c.
2, 41
Suppose -66*l + 689318 = 158282. What are the prime factors of l?
2, 3, 149
Let o(q) = 24*q**3 - 34*q**2 + q + 28*q**2 - 4 + 1. What are the prime factors of o(3)?
2, 3, 11
Let b be ((-6)/9)/((-3)/459). Let c(m) = -b*m + 59*m + 62*m. List the prime factors of c(6).
2, 3, 19
Suppose 0*v = -v + 18. Suppose -3*q - 27 = -33. Suppose 2*j - 2*h = 90, -v = -q*j - h + 57. List the prime factors of j.
2, 5
Let l = -441 - -457. List the prime factors of ((-15)/(-6) + -2)/(l/25888).
809
Suppose 70*j + 45 = 79*j. Suppose j*t - 2315 = -4*l + 3315, 2*t + 3*l = 2259. List the prime factors of t.
2, 3, 11, 17
Let r(a) = 241*a + 2324. What are the prime factors of r(0)?
2, 7, 83
Suppose 0 = -2*o - 21*p + 26*p + 3, 5*p - 13 = -2*o. Suppose -z = -5*m + 46, 0*z = -4*m + 5*z + 20. What are the prime factors of 4 + 785/25 - o/m?
5, 7
Let w = -569 + 577. List the prime factors of -823*(-8)/(w + 0).
823
Let y = -32029 - -47149. List the prime factors of y.
2, 3, 5, 7
Suppose -5*u - 3*i + 99 = -13, 2*u + 4*i - 42 = 0. Let o(g) = 31*g + 39*g**3 + 40 - 40*g**3 + 2*g**2 - 2 + 20*g**2. What are the prime factors of o(u)?
2, 3, 37
Suppose 0 = k + 3*k - 3476. Suppose 0 = 4*j + 4*b - 484, -4*b - 261 = 5*j - k. Suppose -2*w + j = -52. List the prime factors of w.
2, 11
Suppose 6*h + 38 = 146. Let u be 2*(-6)/h + (-2464)/(-6). Suppose -b - 6 = -4*b, 4*z + 5*b = u. What are the prime factors of z?
2, 5
Let v be ((-2 - (-117)/6)*-60)/(-1). Suppose -1230 = -6*w + v. What are the prime factors of w?
2, 5, 19
Suppose 2*i - 4*d + 2 = -4, -5*d + 3 = -4*i. Suppose i*y + y = -z - 32, -5*z - 50 = -2*y. List the prime factors of -2*z/(-8)*1 + 86.
83
Suppose -11*x - 3*x + 811 = -13*x. What are the prime factors of x?
811
Let q(f) = -2*f**2 + 10*f - 9. Let s be q(8). Let o be (1/(-3))/(2 + s/27). Suppose o*r + 390 = 8*r. What are the prime factors of r?
2, 3, 13
Suppose 0 = -5*y + 4*s - 53 - 41, -4*y = 5*s + 108. Let h = -8 - y. Let p(t) = -t**3 + 16*t**2 - 13*t + 29. What are the prime factors of p(h)?
239
Let r = -192 + 212. List the prime factors of 4*2305/r + 5.
2, 233
Let r be (3 + 2)*(2 + -1 + 0). Suppose -x + 3 = -b, -2*b - 23 = -b - r*x. Suppose -c = b*c - 501. List the prime factors of c.
167
Let o(p) = 7524*p - 3804. List the prime factors of o(5).
2, 3, 1409
Suppose -93*d = -95*d. Let p be 27/3 - (d + 4). Suppose 2*m - 305 = -p*g, -3*m + 3*g = -224 - 286. List the prime factors of m.
3, 5, 11
Let z = 163 - 156. Let d(j) be the second derivative of j**4/12 - 7*j**3/6 + 6*j**2 + j. List the prime factors of d(z).
2, 3
Let g(u) = -8*u**3 + u**2 + 2*u + 3. Let n be g(-2). Suppose -130 = -2*y - 2*x, 2*y + 4*x - 67 = n. List the prime factors of (y/(-27))/((-1)/36).
2, 3, 7
Let j(b) = -b**2 - 21*b + 160. Let q be j(6). What are the prime factors of -1473*(-2)/(-6)*(q + 1)?
491
Let s(g) = 13*g**2 + 389*g + 275. What are the prime factors of s(-55)?
5, 11, 331
Suppose -17069 = -8*g - 14205. What are the prime factors of g?
2, 179
Let l be (-148)/(-814) - (-25694)/11. Let n = 4307 - l. List the prime factors of n.
3, 73
Let j be (-2870)/14*(-924)/15. Suppose -j = -23*w + 16996. What are the prime factors of w?
2, 7, 